- 51*y - 768. Let s be g(-12). What is the greatest common factor of s and w?
22
Let j = -7017 - -7652. What is the greatest common factor of j and 15?
5
Let c = 45 + 15. Let a = -124 + 263. Let f = 143 - a. Calculate the greatest common divisor of c and f.
4
Let u = 14473 + -9786. What is the highest common factor of 327 and u?
109
Let z(v) = v**2 - 228*v - 3590. Let j be z(-15). Let x be 1*11/(0 + 1). Calculate the highest common divisor of x and j.
11
Let c(n) = 3*n + 55. Let w be c(-16). Suppose 0 = 22*y - w*y - 6270. Calculate the highest common divisor of 11 and y.
11
Let z = -4575 - -8164. Calculate the greatest common divisor of 97 and z.
97
Suppose 0 = -5*n - 5*i + 190, 2*i - 43 - 159 = -5*n. Let l(o) = 172*o - 914. Let j be l(8). What is the highest common divisor of j and n?
42
Let r = -32920 + 80211. Calculate the highest common factor of 361 and r.
361
Let v(k) = 10*k**2 - 3*k - 3. Let m be (8 + -7)/(15/6 + -3). Let a be v(m). Calculate the greatest common factor of a and 129.
43
Let g be -203 - -220 - (1 + 4). Calculate the greatest common divisor of 176 and g.
4
Let g(q) be the first derivative of 11*q**3/3 - 12*q + 51. Let m be g(-6). What is the highest common factor of 12 and m?
12
Let h = -5 + 7. Suppose -h*a + 83 + 27 = 0. Let p be (16 + -5 + -12)/((-20)/(-22) - 1). What is the greatest common divisor of a and p?
11
Let r(x) = -25*x**2 + 1432*x - 40. Let i be r(50). Calculate the greatest common divisor of i and 120.
60
Let u(h) = -33 + 0 + 7*h + 8*h. Let w = 6536 + -6527. Let c be u(w). Calculate the greatest common divisor of 34 and c.
34
Let z(l) be the third derivative of -l**6/120 - l**5/12 - 5*l**4/24 + l**3/6 - 36*l**2. Let t be z(-4). Calculate the highest common factor of t and 5.
5
Let b(g) = 89*g**2 + g. Let i be b(-1). Suppose 576 = 5*r + 2*u, 348 = 5*r + 4*u - 234. Let o = r - 106. Calculate the highest common divisor of o and i.
8
Suppose 156*h + 52398 = 478278. What is the highest common factor of h and 630?
210
Suppose -133*d = 26*d - 7950. Suppose 2*p + 2*p = -2*r + 70, -4*r - 50 = -2*p. Let u = 49 - p. Calculate the greatest common divisor of d and u.
10
Suppose 5*i - 2*i + 120 = 0. Let v = -312 - -420. Let u = i + v. Calculate the greatest common factor of 34 and u.
34
Let x = 9012 - 8440. Calculate the greatest common factor of x and 832.
52
Suppose 40*q = 37*q + 12933. Calculate the highest common divisor of q and 9.
9
Suppose -64*b = -65*b - 135. Let c be -2*1*(-16)/((-288)/b). Calculate the greatest common factor of 120 and c.
15
Suppose 277934 = -286*a + 36*a + 1118684. Calculate the highest common factor of 885 and a.
177
Let r be (-1 - 0) + (117 - 18). Suppose 2*z = 5*m + 3*z - 70, 0 = m - 3*z - 14. What is the highest common divisor of m and r?
14
Suppose -4*x = -9*x + 10. Suppose 5*u - 5*s = 535, 6*u - 4*u = -x*s + 222. Let a = u + -54. What is the greatest common factor of a and 5?
5
Suppose 0 = 200*k - 211*k + 880. Let p be (6/5)/((-8)/(-960)). Calculate the greatest common factor of p and k.
16
Let f(b) = -10*b**2 + 77*b - 7. Let w be f(7). Calculate the highest common factor of 54 and w.
6
Let g be (11/8 - 1) + 81200/896. Calculate the highest common divisor of 1339 and g.
13
Let z(a) = -a**3 - 3*a**2 - a - 4. Let h be z(-4). Let n = -8 + h. Let x be (-582)/(-48) + (-1)/n. Calculate the greatest common factor of 48 and x.
12
Let i be 178/1 - (2 + -4). Suppose 3*j - 4*z + i = 44, 2*j = -3*z - 102. Let c = -29 - j. Calculate the greatest common factor of c and 19.
19
Let w be ((-6)/(-8))/((66/(-4296))/11). Let s = w - -551. Let r = -6 - -10. What is the highest common factor of s and r?
2
Let i be (38*75/665)/((-6)/(-28)). Suppose -34 + 134 = 2*b. Calculate the greatest common factor of b and i.
10
Let h = 1324 - 1247. Let u = 10 + 1. What is the highest common divisor of h and u?
11
Let n(v) = 627*v**2 + 115*v - 524. Let z be n(4). What is the greatest common divisor of z and 168?
56
Suppose -5*c + 468 = -2*c. Let k(o) = -3*o - 38. Let f be k(-15). Suppose 0 = -f*y + y + 72. Calculate the highest common factor of y and c.
12
Let f(b) = 13*b + 24. Let p be f(-2). Let i be -1 + (-2 + -270)/p. Calculate the greatest common divisor of i and 18.
9
Let o(s) = s**3 - 9*s**2 - 11*s + 12. Let p be o(10). Suppose -3*g - 2*j = -85, g = p*g - j - 25. Calculate the highest common divisor of 9 and g.
9
Let r(l) = -161*l + 328. Let m be r(2). Let t = 82 + 14. What is the highest common divisor of m and t?
6
Suppose 0 = l - 5*c - 28, 40 = 4*l - 4*c - 40. Let u be (-33)/(-44)*(0 - -32)*18. Suppose 35*z - u = 29*z. Calculate the highest common factor of l and z.
18
Let q(w) = w**3 + 14*w**2 + 35*w + 1. Let i be q(-4). Calculate the greatest common factor of 96 and i.
3
Suppose 9*p - 5 = 94. Let q = 198 + -187. Calculate the greatest common factor of p and q.
11
Let y be 88/6 - (-4)/(-6). Suppose 5*h + b + 70 = -4*b, 26 = -2*h - 4*b. Let w be (-2)/(-3)*-2 - 230/h. What is the highest common divisor of w and y?
14
Let k be -1 - (-4257)/86*(-6)/(-9). Calculate the greatest common divisor of 104 and k.
8
Suppose -5*r + 85 = 4*v, 2*v + 38 = 3*r + 7*v. Let b(q) = 11*q - 19. Let k be 5 + -1 - (-12 + -1). Let u be b(k). What is the highest common factor of u and r?
21
Suppose -h + 48 = 3*h. Let p(m) = m**3 - 9*m**2 - 34*m + 336. Let i be p(9). What is the highest common divisor of h and i?
6
Suppose 2*x + 632 = -82*v + 83*v, -2504 = -4*v - 4*x. What is the highest common divisor of v and 2041?
157
Let h be (-1972)/(-20) + (-3)/5. Let g = -68 + h. Let p = -4261 + 4471. What is the highest common factor of p and g?
30
Let l = -48 + 125. Let k be 140/(-25) - 2 - 6/(-10) - -21. What is the greatest common factor of k and l?
7
Let v be (-6)/(-28) - 15030/4200*-10. Suppose 3*s = -5*w + 102, 98 = 6*w - w + 2*s. What is the highest common divisor of v and w?
18
Let p = -6 + 6. Suppose 3*s + 29 = o, -4*o + 3*s + 0 + 80 = 0. Suppose -o = -2*q - p*q - k, -q - k + 11 = 0. Calculate the greatest common factor of q and 96.
6
Let r be 311/4 + (-2)/(-8). Let k be (1 - 0) + 4*10/(-20). Let j(z) = 57*z**2 + z - 4. Let u be j(k). Calculate the highest common factor of r and u.
26
Let y(h) = 69 + 62 - 4*h - 7*h - 27. Let d be y(7). Calculate the highest common factor of d and 12.
3
Suppose 20 + 7 = p. Let o be p/4*(-168)/(-9). Suppose 0 = -5*k - 2*h + 78, 0 = -k + 5*h + 215 - 221. Calculate the highest common divisor of k and o.
14
Suppose 6*j - 314 - 61 = -87. What is the highest common factor of j and 312?
24
Suppose -210*g + 211*g - 493 = -i, 4*g = -i + 1957. What is the highest common divisor of g and 183?
61
Suppose 2*f + 8*l - 9*l - 102 = 0, -2*f = 2*l - 102. What is the highest common factor of f and 799?
17
Suppose 3*g = -2*o + 6312, -3*o + 2316 = -4*g + 10766. Calculate the highest common factor of g and 442.
34
Suppose -4*c = 79 - 91. Let j be 2*c - 105/21. What is the highest common factor of j and 7?
1
Let j(v) = -154*v + 18. Let m be j(-7). Let r be (-2)/(-11) + m/22. Calculate the greatest common divisor of r and 2.
2
Let o(c) = -4*c + 1. Let h be o(-6). Let b be (24/(-32))/((-3)/48). Suppose b - 112 = -2*i. Calculate the greatest common divisor of h and i.
25
Suppose -k - q = -106 - 171, 3*k - 5*q - 855 = 0. Suppose 7 = -6*g + 31. Let v be g + (-4 - -38 - 3). What is the highest common factor of k and v?
35
Let c be (78/4)/(30/80). Suppose -2*b = -4*y + 376, -4*y + 364 = 4*b + 24. Calculate the highest common divisor of y and c.
13
Let b = 59398 - 18326. What is the highest common divisor of 272 and b?
272
Suppose 3*u = -2*u + 780. Suppose -133 = 5*y + 97. Let q = y - -58. What is the greatest common factor of q and u?
12
Let l = -10 + 13. Suppose 0 = -l*x + 5*c + 143, 7*x = 11*x + 5*c - 214. What is the highest common factor of 969 and x?
51
Let o = -1100 - 213. Let y = o - -1315. Suppose -5*w + 4*l = -w - 28, -3*l = -2*w + 16. What is the highest common divisor of w and y?
1
Suppose -1442 = -2*i - 2*a, 2333 = 4*i + a - 554. Calculate the greatest common divisor of 304 and i.
38
Suppose -10*d + 15*d - 485 = 0. Suppose h - d = -42. What is the greatest common factor of 10 and h?
5
Let h be 53580/105 + -11 + 4/(-14) - 4. What is the greatest common factor of h and 30?
15
Suppose 4*d = 3*t + 1289, 0*d - 3*d + 2*t + 966 =